{"id":334,"date":"2020-03-13T11:08:40","date_gmt":"2020-03-13T14:08:40","guid":{"rendered":"http:\/\/tainacan.ccae.ufpb.br\/?page_id=334"},"modified":"2022-12-08T12:24:38","modified_gmt":"2022-12-08T15:24:38","slug":"sobre-o-projeto","status":"publish","type":"page","link":"https:\/\/texteisfabris.ccae.ufpb.br\/index.php\/sobre-o-projeto\/","title":{"rendered":"O acervo"},"content":{"rendered":"\t\t<div data-elementor-type=\"wp-page\" data-elementor-id=\"334\" class=\"elementor elementor-334\">\n\t\t\t\t\t\t<section class=\"elementor-section elementor-top-section elementor-element elementor-element-3ac4a9c elementor-section-boxed elementor-section-height-default elementor-section-height-default\" data-id=\"3ac4a9c\" data-element_type=\"section\">\n\t\t\t\t\t\t<div class=\"elementor-container elementor-column-gap-default\">\n\t\t\t\t\t<div class=\"elementor-column elementor-col-100 elementor-top-column elementor-element elementor-element-3b285f6\" data-id=\"3b285f6\" data-element_type=\"column\">\n\t\t\t<div class=\"elementor-widget-wrap elementor-element-populated\">\n\t\t\t\t\t\t<div class=\"elementor-element elementor-element-5af607b elementor-widget elementor-widget-heading\" data-id=\"5af607b\" data-element_type=\"widget\" data-widget_type=\"heading.default\">\n\t\t\t\t<div class=\"elementor-widget-container\">\n\t\t\t<style>\/*! elementor - v3.21.0 - 20-05-2024 *\/\n.elementor-heading-title{padding:0;margin:0;line-height:1}.elementor-widget-heading .elementor-heading-title[class*=elementor-size-]>a{color:inherit;font-size:inherit;line-height:inherit}.elementor-widget-heading .elementor-heading-title.elementor-size-small{font-size:15px}.elementor-widget-heading .elementor-heading-title.elementor-size-medium{font-size:19px}.elementor-widget-heading .elementor-heading-title.elementor-size-large{font-size:29px}.elementor-widget-heading .elementor-heading-title.elementor-size-xl{font-size:39px}.elementor-widget-heading .elementor-heading-title.elementor-size-xxl{font-size:59px}<\/style><h2 class=\"elementor-heading-title elementor-size-default\"><span><p dir=\"ltr\" style=\"line-height:1.7999999999999998;text-indent: 36pt;text-align: justify;margin-top:0pt;margin-bottom:0pt;\"><span id=\"docs-internal-guid-17e3c3a6-7fff-0528-c97c-18ac0edd2096\"><span style=\"font-size: 11pt; color: rgb(0, 0, 0); background-color: transparent; font-variant-numeric: normal; font-variant-east-asian: normal; vertical-align: baseline;\">Nos documentos disponibilizados no acervo digital T\u00eaxteis Fabris s\u00e3o apresentadas fotografias da cidade-f\u00e1brica de Rio Tinto, fotografias de amostras t\u00eaxteis produzidas na f\u00e1brica de tecidos da Companhia de Tecidos Rio Tinto - CTRT, fotografias de maquin\u00e1rios utilizados na CTRT, lista de refer\u00eancias bibliogr\u00e1ficas, premia\u00e7\u00f5es e exposi\u00e7\u00f5es e, tamb\u00e9m,&nbsp; arquivos de publica\u00e7\u00f5es bibliogr\u00e1ficas resultantes de pesquisas desenvolvidas com o tema cidade-f\u00e1brica de Rio Tinto. Todo o material disponibilizado foi coletado, tratado e analisado entre os anos de 2015 e 2021, no \u00e2mbito de projetos de pesquisa e extens\u00e3o \u2013 PIBIC, PIVIC e PROBEX, realizados no Curso de Bacharelado em Design da Universidade Federal da Para\u00edba \u2013 UFPB.<\/span><\/span><br><\/p><br><p dir=\"ltr\" style=\"line-height:1.7999999999999998;text-indent: 36pt;margin-top:0pt;margin-bottom:0pt;\"><span style=\"font-size: 12pt; background-color: transparent; font-variant-numeric: normal; font-variant-east-asian: normal; vertical-align: baseline;\">As <\/span><span style=\"font-size: 12pt; background-color: transparent; font-weight: 700; font-variant-numeric: normal; font-variant-east-asian: normal; vertical-align: baseline;\">fotografias <\/span><span style=\"font-size: 12pt; background-color: transparent; font-variant-numeric: normal; font-variant-east-asian: normal; vertical-align: baseline;\">que comp\u00f5em este acervo foram selecionadas, tratadas e organizadas a partir de a\u00e7\u00f5es curatoriais vinculadas \u00e0 implanta\u00e7\u00e3o dos dados por meio do software livre Tainacan, no \u00e2mbito de dois projetos de pesquisa, realizados entre os anos de 2019 e 2021, com bolsas de inicia\u00e7\u00e3o cient\u00edfica da UFPB\/CNPq. N\u00famero muito maior de fotografias comp\u00f5em o acervo do Departamento de Design e poder\u00e3o ser consultadas por pesquisadores interessados. No entanto, o excerto aqui disponibilizado, abarca todos os temas e categorias presentes no material levantado nas pesquisas, tendo sido minuciosamente selecionado para compor este acervo de maneira representativa, com quantidade suficiente de imagens, capaz de narrar a importante hist\u00f3ria da ind\u00fastria t\u00eaxtil localizada na cidade de Rio Tinto. No acervo digital T\u00eaxteis Fabris s\u00e3o destacados tr\u00eas assuntos, apresentados em formato de cole\u00e7\u00f5es, como prop\u00f5e o Tainacan.&nbsp;<\/span><\/p><br><p dir=\"ltr\" style=\"line-height:1.7999999999999998;text-indent: 36pt;margin-top:0pt;margin-bottom:0pt;\"><span style=\"text-indent: 36pt; letter-spacing: 0px; background-color: transparent; font-size: 12pt; font-variant-numeric: normal; font-variant-east-asian: normal; vertical-align: baseline;\">As <\/span><span style=\"text-indent: 36pt; letter-spacing: 0px; background-color: transparent; font-size: 12pt; font-weight: 700; font-variant-numeric: normal; font-variant-east-asian: normal; vertical-align: baseline;\">fotografias das amostras t\u00eaxteis<\/span><span style=\"text-indent: 36pt; letter-spacing: 0px; background-color: transparent; font-size: 12pt; font-variant-numeric: normal; font-variant-east-asian: normal; vertical-align: baseline;\"> s\u00e3o apresentadas e 195 diferentes tipos de tecidos, com 386 registros fotogr\u00e1ficos divididos em 13 subcole\u00e7\u00f5es. Majoritariamente, foram realizadas por estudantes estagi\u00e1rios\/bolsistas do Laborat\u00f3rio de Fotografia - ClickLab do Departamento de Design da UFPB, entre 2016 e 2017,&nbsp; com aux\u00edlio das estudantes volunt\u00e1rias do projeto \u201cDesign na F\u00e1brica da Companhia de Tecido Rio Tinto\u201d, vig\u00eancia 2016\/2017.&nbsp; As c\u00e2meras profissionais modelo DSLR Nikon D90, com lente objetiva Nikon DX 18-105 e Canon Rebel T3, com lente Canon EFS 18-55 foram os equipamentos de registro utilizados. Outros registros fotogr\u00e1ficos foram realizados pela equipe do projeto com uso de c\u00e2mera digital do iPhone 7.  <\/span><\/p><\/span><br><span><p dir=\"ltr\" style=\"line-height:1.7999999999999998;text-indent: 36pt;margin-top:0pt;margin-bottom:0pt;\"><span style=\"text-indent: 36pt; letter-spacing: 0px; background-color: transparent; font-size: 12pt; font-variant-numeric: normal; font-variant-east-asian: normal; vertical-align: baseline;\">As fotografias dos maquin\u00e1rios pertencentes \u00e0 f\u00e1brica de tecidos s\u00e3o apresentadas em uma \u00fanica subcole\u00e7\u00e3o, composta por 40 imagens coletadas nos arquivos da pr\u00f3pria CTRT e digitalizadas a partir de 90 fotografias originais extra\u00eddas de um \u00e1lbum f\u00edsico, em projeto de pesquisa realizado entre os anos de 2016 e 2017, PIVIC\/UFPB, que contou com equipamentos do Laborat\u00f3rio de Projetos - LabProj do Departamento de Design da UFPB. O \u00e1lbum composto por imagens impressas em papel fotogr\u00e1fico, estava organizado sem refer\u00eancias de local e data, no entanto, o teor das imagens e as informa\u00e7\u00f5es coletadas com funcion\u00e1rios da Companhia, evidenciam se tratar de fotografias realizadas no per\u00edodo em que a f\u00e1brica encerrou sua produ\u00e7\u00e3o. <\/span><\/p><\/span><br><span><p dir=\"ltr\" style=\"line-height:1.7999999999999998;text-indent: 36pt;margin-top:0pt;margin-bottom:0pt;\"><span style=\"text-indent: 36pt; letter-spacing: 0px; background-color: transparent; font-size: 12pt; font-variant-numeric: normal; font-variant-east-asian: normal; vertical-align: baseline;\">As fotografias da cidade-f\u00e1brica s\u00e3o disponibilizadas em onze subcole\u00e7\u00f5es denominadas como Pra\u00e7a Jo\u00e3o Pessoa; Igreja Matriz Santa Rita de C\u00e1ssia; Cineteatro Orion; Barrac\u00e3o da F\u00e1brica Rio Tinto\/Via\u00e7\u00e3o; Rio Tinto T\u00eanis Club; Companhia de Tecidos Rio Tinto - CTRT; Campus IV da UFPB; Posto de Higiene e Hospital de Rio Tinto; Hotel Rio Tinto; Casar\u00e3o na Pra\u00e7a da Vit\u00f3ria; Casar\u00e3o\/Palacete na Vila Regina, compondo um conjunto de 168 imagens. As fotografias foram realizadas no \u00e2mbito do projeto de pesquisa entre os anos 2015 e 2016, com bolsa PIBIC\/UFPB\/CNPq, com colabora\u00e7\u00e3o, equipamentos e aporte t\u00e9cnico do Laborat\u00f3rio de Fotogragia - ClickLab, do Departamento de Design da UFPB, tendo sido utilizadas c\u00e2meras profissionais, modelo DSLR Nikon D90, com lente objetiva Nikon DX 18-105 e Canon Rebel T3, com lente Canon EFS 18-55.<\/span><\/p><\/span><span><p dir=\"ltr\" style=\"line-height:1.7999999999999998;text-indent: 36pt;margin-top:0pt;margin-bottom:0pt;\"><span style=\"text-indent: 36pt; letter-spacing: 0px; background-color: transparent; font-size: 12pt; font-variant-numeric: normal; font-variant-east-asian: normal; vertical-align: baseline;\">S\u00e3o ainda apresentadas as <\/span><span style=\"text-indent: 36pt; font-weight: 600; letter-spacing: 0px; background-color: transparent; font-size: 12pt; font-variant-numeric: normal; font-variant-east-asian: normal; vertical-align: baseline;\">produ\u00e7\u00f5es cient\u00edficas<\/span><span style=\"text-indent: 36pt; letter-spacing: 0px; background-color: transparent; font-size: 12pt; font-variant-numeric: normal; font-variant-east-asian: normal; vertical-align: baseline;\"> realizadas ao longo dos seis anos (2015-2021) de implementa\u00e7\u00e3o dos projetos de pesquisa e extens\u00e3o desenvolvidos no Departamento de Design da UFPB, com o tema design na cidade-f\u00e1brica de Rio Tinto. Dentre as produ\u00e7\u00f5es encontram-se uma lista de refer\u00eancias bibliogr\u00e1ficas e premia\u00e7\u00f5es e, ainda, arquivos em formato pdf de textos publicados em anais de eventos, peri\u00f3dicos e livros.<\/span><\/p><\/span><span><h2 data-elementor-setting-key=\"title\" data-pen-placeholder=\"Digite aqui...\" style=\"letter-spacing: normal;\"><span><h2 data-elementor-setting-key=\"title\" data-pen-placeholder=\"Digite aqui...\" style=\"letter-spacing: normal;\"><span><p dir=\"ltr\" style=\"margin-top: 0pt; margin-bottom: 0pt; line-height: 1.8; text-indent: 36pt;\"><span style=\"font-family: Montserrat, sans-serif; font-size: 1.602rem; font-weight: 300; letter-spacing: 0px;\"><\/span><\/p><\/span><\/h2><\/span><\/h2><\/span><\/h2>\t\t<\/div>\n\t\t\t\t<\/div>\n\t\t\t\t\t<\/div>\n\t\t<\/div>\n\t\t\t\t\t<\/div>\n\t\t<\/section>\n\t\t\t\t<\/div>\n\t\t","protected":false},"excerpt":{"rendered":"<p>Nos documentos disponibilizados no acervo digital T\u00eaxteis Fabris s\u00e3o apresentadas fotografias da cidade-f\u00e1brica de Rio Tinto, fotografias de amostras t\u00eaxteis produzidas na f\u00e1brica de tecidos da Companhia de Tecidos Rio Tinto &#8211; CTRT, fotografias de maquin\u00e1rios utilizados na CTRT, lista de refer\u00eancias bibliogr\u00e1ficas, premia\u00e7\u00f5es e exposi\u00e7\u00f5es e, tamb\u00e9m,&nbsp; arquivos de publica\u00e7\u00f5es bibliogr\u00e1ficas resultantes de pesquisas [&hellip;]<\/p>\n","protected":false},"author":1,"featured_media":0,"parent":0,"menu_order":0,"comment_status":"closed","ping_status":"closed","template":"","meta":{"om_disable_all_campaigns":false,"_monsterinsights_skip_tracking":false,"_monsterinsights_sitenote_active":false,"_monsterinsights_sitenote_note":"","_monsterinsights_sitenote_category":0,"footnotes":""},"class_list":["post-334","page","type-page","status-publish","hentry"],"aioseo_notices":[],"_links":{"self":[{"href":"https:\/\/texteisfabris.ccae.ufpb.br\/index.php\/wp-json\/wp\/v2\/pages\/334","targetHints":{"allow":["GET"]}}],"collection":[{"href":"https:\/\/texteisfabris.ccae.ufpb.br\/index.php\/wp-json\/wp\/v2\/pages"}],"about":[{"href":"https:\/\/texteisfabris.ccae.ufpb.br\/index.php\/wp-json\/wp\/v2\/types\/page"}],"author":[{"embeddable":true,"href":"https:\/\/texteisfabris.ccae.ufpb.br\/index.php\/wp-json\/wp\/v2\/users\/1"}],"replies":[{"embeddable":true,"href":"https:\/\/texteisfabris.ccae.ufpb.br\/index.php\/wp-json\/wp\/v2\/comments?post=334"}],"version-history":[{"count":93,"href":"https:\/\/texteisfabris.ccae.ufpb.br\/index.php\/wp-json\/wp\/v2\/pages\/334\/revisions"}],"predecessor-version":[{"id":16558,"href":"https:\/\/texteisfabris.ccae.ufpb.br\/index.php\/wp-json\/wp\/v2\/pages\/334\/revisions\/16558"}],"wp:attachment":[{"href":"https:\/\/texteisfabris.ccae.ufpb.br\/index.php\/wp-json\/wp\/v2\/media?parent=334"}],"curies":[{"name":"wp","href":"https:\/\/api.w.org\/{rel}","templated":true}]}}